ctor of 165466?
True
Is 1248 a factor of 4557159?
False
Does 25 divide 58741?
False
Does 20 divide 61540?
True
Does 83 divide 2407?
True
Is 14 a factor of 657349?
False
Does 10 divide 15186?
False
Is 50 a factor of 831437?
False
Does 69 divide 60796?
False
Is 657804 a multiple of 574?
True
Does 1207 divide 1856366?
True
Does 410 divide 1920264?
False
Is 1361 a factor of 2687975?
True
Does 15 divide 4832445?
True
Is 967 a factor of 4965895?
False
Does 23 divide 167233?
True
Does 6 divide 1534?
False
Is 100 a factor of 2075600?
True
Is 60 a factor of 18606960?
True
Does 268 divide 308836?
False
Is 13 a factor of 371085?
True
Does 2 divide 247092?
True
Is 28230 a multiple of 2?
True
Is 2648 a multiple of 57?
False
Does 41 divide 323316?
False
Is 3130980 a multiple of 30?
True
Is 610 a factor of 939400?
True
Is 48841 a multiple of 36?
False
Is 27816 a multiple of 280?
False
Is 473 a factor of 514302?
False
Is 690768 a multiple of 624?
True
Is 6284736 a multiple of 288?
True
Is 139 a factor of 2633716?
False
Is 14 a factor of 291198?
False
Does 14 divide 61796?
True
Is 62 a factor of 11299004?
True
Is 270891 a multiple of 9?
True
Is 1702565 a multiple of 727?
False
Is 117609 a multiple of 3?
True
Is 22 a factor of 19047?
False
Is 900360 a multiple of 9?
True
Is 112499 a multiple of 5?
False
Is 193691 a multiple of 29?
True
Is 352352 a multiple of 22?
True
Does 174 divide 114318?
True
Does 84 divide 4839978?
False
Does 3 divide 75688?
False
Is 1884552 a multiple of 3?
True
Is 486680 a multiple of 23?
True
Is 7 a factor of 340480?
True
Is 1033581 a multiple of 19?
True
Is 57 a factor of 4417158?
True
Is 1897888 a multiple of 934?
True
Is 48 a factor of 122217?
False
Does 96 divide 167712?
True
Is 1477 a factor of 2905259?
True
Does 13 divide 297947?
True
Does 98 divide 1634421?
False
Does 429 divide 536250?
True
Is 44660 a multiple of 110?
True
Does 17 divide 375530?
True
Does 5 divide 1050070?
True
Is 98256 a multiple of 69?
True
Is 7557412 a multiple of 61?
True
Is 34 a factor of 2822?
True
Does 90 divide 240914?
False
Is 541170 a multiple of 9?
True
Is 11096093 a multiple of 206?
False
Does 48 divide 157468?
False
Is 4 a factor of 31733?
False
Is 7949711 a multiple of 958?
False
Does 19 divide 1611985?
False
Does 15 divide 2253210?
True
Is 27 a factor of 99252?
True
Does 7 divide 1010185?
False
Is 48 a factor of 169440?
True
Is 75962 a multiple of 19?
True
Is 52390 a multiple of 26?
True
Is 15652166 a multiple of 692?
False
Is 132 a factor of 376635?
False
Is 1024 a factor of 10561668?
False
Is 10 a factor of 6517480?
True
Does 159 divide 34185?
True
Is 76995 a multiple of 52?
False
Is 28 a factor of 30642?
False
Is 127538 a multiple of 9?
False
Does 223 divide 2695246?
False
Does 290 divide 592668?
False
Is 209692 a multiple of 65?
False
Is 264432 a multiple of 336?
True
Does 14 divide 322098?
True
Does 16 divide 626230?
False
Is 300081 a multiple of 45?
False
Is 746073 a multiple of 13?
False
Does 36 divide 15856?
False
Does 28 divide 5813421?
False
Does 280 divide 229880?
True
Does 236 divide 270632?
False
Is 116 a factor of 1072357?
False
Is 1781403 a multiple of 221?
False
Is 8 a factor of 353948?
False
Is 1688 a multiple of 4?
True
Is 22 a factor of 1107188?
False
Is 245967 a multiple of 57?
False
Does 99 divide 488169?
True
Is 18 a factor of 22896?
True
Does 49 divide 343588?
True
Does 4 divide 5771951?
False
Is 110 a factor of 5610?
True
Does 6 divide 31563?
False
Is 5721408 a multiple of 216?
True
Does 14 divide 27819?
False
Is 7 a factor of 251664?
True
Does 5 divide 61835?
True
Does 26 divide 8273?
False
Does 55 divide 203011?
False
Does 403 divide 119691?
True
Is 164 a factor of 69347?
False
Does 285 divide 339150?
True
Does 17 divide 1441282?
False
Is 23 a factor of 790947?
True
Does 130 divide 440957?
False
Is 6 a factor of 1710?
True
Is 94760 a multiple of 19?
False
Is 300675 a multiple of 15?
True
Is 110 a factor of 2572682?
False
Is 27164 a multiple of 4?
True
Is 767641 a multiple of 12?
False
Is 8 a factor of 125359?
False
Is 183 a factor of 1252722?
False
Does 135 divide 114031?
False
Does 49 divide 568841?
True
Is 3 a factor of 205964?
False
Does 50 divide 169677?
False
Is 270 a factor of 954386?
False
Does 2249 divide 24003577?
True
Is 6866455 a multiple of 39?
False
Is 503638 a multiple of 262?
False
Is 2142000 a multiple of 180?
True
Is 313015 a multiple of 3?
False
Does 831 divide 1075314?
True
Is 2558 even?
True
Does 2 divide 25211?
False
Is 15 a factor of 1037460?
True
Is 138114 a multiple of 15?
False
Does 54 divide 22788?
True
Does 8 divide 80920?
True
Does 45 divide 16186?
False
Is 27 a factor of 385938?
True
Is 59 a factor of 743987?
False
Is 1119357 a multiple of 277?
True
Is 395817 a multiple of 37?
False
Is 67 a factor of 3973435?
True
Does 311 divide 123579?
False
Is 1368612 a multiple of 21?
True
Is 855 a factor of 2349541?
False
Is 292 a factor of 21024?
True
Is 129296 a multiple of 8?
True
Does 27 divide 14498352?
True
Is 4012629 a multiple of 779?
True
Is 1392424 a multiple of 11?
True
Is 6 a factor of 9456214?
False
Is 121289 a multiple of 13?
False
Is 10 a factor of 375733?
False
Does 8 divide 273841?
False
Is 39930 a multiple of 330?
True
Does 14 divide 1819034?
True
Does 6 divide 1204936?
False
Is 4 a factor of 23732?
True
Does 16 divide 72000?
True
Is 557 a factor of 435167?
False
Is 74390 a multiple of 16?
False
Is 435375 a multiple of 45?
True
Is 10 a factor of 649280?
True
Is 1216 a factor of 3690560?
True
Does 2 divide 330316?
True
Does 103 divide 2472?
True
Is 196494 a multiple of 8?
False
Does 424 divide 9779984?
True
Does 278 divide 3159192?
True
Is 34 a factor of 206720?
True
Is 83160 even?
True
Does 18 divide 42989?
False
Does 456 divide 412224?
True
Does 72 divide 4503822?
False
Is 836646 a multiple of 63?
False
Is 13 a factor of 307736?
True
Is 22538 a multiple of 56?
False
Is 100338 a multiple of 42?
True
Does 253 divide 1810468?
True
Does 100 divide 9962802?
False
Does 31 divide 2749140?
False
Is 12 a factor of 4561?
False
Is 2526 a factor of 15825390?
True
Is 43 a factor of 2633062?
True
Is 198 a factor of 3775467?
False
Does 141 divide 106650?
False
Does 22 divide 5650910?
False
Does 10 divide 1263?
False
Is 144 a factor of 466211?
False
Is 250 a factor of 89000?
True
Does 65 divide 593566?
False
Does 42 divide 140868?
True
Is 8 a factor of 2298530?
False
Does 14 divide 705653?
False
Does 8 divide 64640?
True
Is 4931430 a multiple of 161?
True
Does 295 divide 1621910?
True
Is 125247 a multiple of 9?
False
Is 148 a factor of 53724?
True
Is 45 a factor of 2253105?
True
Is 11564613 a multiple of 9?
True
Does 12 divide 35484?
True
Does 28 divide 499171?
False
Is 26308906 a multiple of 11?
False
Does 6 divide 70230?
True
Is 1904703 a multiple of 7?
False
Does 2284 divide 5118444?
True
Is 168012 a multiple of 186?
False
Does 7 divide 2337699?
True
Is 24 a factor of 1708867?
False
Does 533 divide 1744509?
True
Is 367466 a multiple of 282?
False
Is 109484 a multiple of 4?
True
Does 1531 divide 6067353?
True
Is 28 a factor of 381248?
True
Does 99 divide 16800597?
True
Is 2911419 a multiple of 777?
True
Does 511 divide 551209?
False
Is 248 a factor of 4518336?
False
Is 2580 a multiple of 4?
True
Does 10 divide 35900?
True
Is 53 a factor of 44573?
True
Does 934 divide 5449890?
True
Is 92 a factor of 3965171?
False
Is 2589786 a multiple of 241?
True
Is 367924 a multiple of 72?
False
Is 400884 a multiple of 33?
True
Is 4 a factor of 392246?
False
Is 820206 a multiple of 11?
False
Is 11 a factor of 649121?
True
Is 26 a factor of 639043?
False
Is 124 a factor of 25320?
False
Is 81 a factor of 74520?
True
Is 537 a factor of 6990061?
False
Is 116 a factor of 864609?
False
Is 314 a factor of 166106?
True
Is 1308 a factor of 14902975?
False
Is 1382668 a multiple of 28?
True
Is 39752 a multiple of 4?
True
Is 852 a factor of 150052?
False
Is 26 a factor of 3306186?
True
Is 194182 a multiple of 79?
True
Does 36 divide 255?
False
Does 240 divide 2703360?
True
Is 16 a factor of 14017760?
True
Is 5 a factor of 26105?
True
Does 196 divide 176532?
False
Is 128735 a multiple of 248?
False
Is 663 a factor of 1363791?
True
Does 8 divide 52888?
True
Does 23 divide 67877?
False
Is 364 a factor of 170143?
False
Is 3 a